1
In base 9, what is 11244 + -8563?
1571
In base 5, what is 3411414303130 + 3?
3411414303133
In base 3, what is -1002 + 120111021211?
120111020202
In base 6, what is 131055343 + -332?
131055011
In base 9, what is 23877776 - 13?
23877763
In base 16, what is -2af93c - -8?
-2af934
In base 5, what is 21324 - 1020340?
-444011
In base 6, what is -20 + -11554121?
-11554141
In base 7, what is -266525 + -65411?
-365236
In base 12, what is 0 - 167058?
-167058
In base 14, what is -1 + 565820?
56581d
In base 2, what is -10011111000100111010111 - -100101?
-10011111000100110110010
In base 10, what is -1668899 - 14?
-1668913
In base 11, what is 5 + 14743285?
1474328a
In base 6, what is 113322 + 340305?
454031
In base 16, what is -308d09 - -1f?
-308cea
In base 5, what is -11 - -422144011?
422144000
In base 6, what is 1 - -234111220?
234111221
In base 14, what is 7a0 - 50762?
-4dda2
In base 5, what is 30022140 - 112?
30022023
In base 3, what is -1021210020 + 100201220?
-221001100
In base 13, what is -3923 + 4918?
cc5
In base 10, what is -915 - 97215?
-98130
In base 6, what is 334 + 2355555?
2400333
In base 7, what is 2236621 - 1212?
2235406
In base 2, what is -10101111011 + -100111011000000?
-101010000111011
In base 11, what is 480339463 + 5?
480339468
In base 11, what is 146 + 357437?
357582
In base 13, what is b2c370 + -b?
b2c362
In base 16, what is 21ed + 13b03?
15cf0
In base 8, what is -5431257 + 365?
-5430672
In base 16, what is 5acf50 - 0?
5acf50
In base 15, what is 4acb0 + -1b4?
4aaeb
In base 13, what is 1 + 65659a?
65659b
In base 14, what is -199 - -b401?
b246
In base 14, what is 0 - -792cc85?
792cc85
In base 15, what is 548 - 13899?
-13351
In base 4, what is -33100 - 20313031?
-21012131
In base 3, what is -112002002110212 - 2?
-112002002110221
In base 9, what is 25 - 423515?
-423480
In base 11, what is -98701 - -909?
-978a3
In base 11, what is 0 + -731805?
-731805
In base 3, what is 2002 + 12011211010202?
12011211012211
In base 2, what is -1000100111101111111111 + 1001?
-1000100111101111110110
In base 11, what is -a266 - 260?
-a516
In base 16, what is 2b6 + 672?
928
In base 12, what is -b + -94a73?
-94a82
In base 14, what is -3334803 - 9?
-333480c
In base 7, what is -1642000 - 223?
-1642223
In base 2, what is -100 + 1101100001001100001100?
1101100001001100001000
In base 9, what is -38 - -20525?
20476
In base 15, what is 5ad - -1992?
2050
In base 13, what is -27 - ba937?
-ba961
In base 6, what is 135301405 + 20?
135301425
In base 10, what is -1043 + -16188?
-17231
In base 16, what is -2fb4b5 - 0?
-2fb4b5
In base 6, what is -352 + 152220?
151424
In base 4, what is 121 + -21223110233?
-21223110112
In base 6, what is -4425 - -1440542?
1432113
In base 16, what is -4a2f1 + 1d?
-4a2d4
In base 4, what is 20212 + -23030303?
-23010031
In base 13, what is -5 - 1584b49?
-1584b51
In base 12, what is -208203a + -3?
-2082041
In base 2, what is -10000011110101100110111 + -10?
-10000011110101100111001
In base 4, what is 1311010 - 111212?
1133132
In base 8, what is 3 + 1764264257?
1764264262
In base 6, what is -4115 + 103254?
55135
In base 12, what is -b7 + -123aa8?
-123ba3
In base 2, what is 101100111110111100011 + -1101?
101100111110111010110
In base 14, what is 291a20c + -5?
291a207
In base 7, what is -13603030244 + 4?
-13603030240
In base 13, what is 2a11 - 6aa5?
-4094
In base 3, what is -2222112110002211 - -10?
-2222112110002201
In base 4, what is 1021033 + -2013100?
-332001
In base 6, what is -224023403120 + -4?
-224023403124
In base 9, what is 62 + 3775275?
3775347
In base 15, what is -2ab3 - -666?
-244c
In base 12, what is 620 - -39b73?
3a593
In base 9, what is -7 + -145270?
-145277
In base 2, what is 1001110001010 + 10110000010001?
11111110011011
In base 11, what is -272 + -203199?
-203460
In base 3, what is 1022222100 - -112001021?
1212000121
In base 4, what is 23201220311 + -3?
23201220302
In base 3, what is 12210111 + 20000?
20000111
In base 7, what is 105161114 + 220?
105161334
In base 9, what is -218236 - -10?
-218226
In base 7, what is -4510346 + 51?
-4510265
In base 14, what is -14223 + 9a?
-14167
In base 2, what is 11000101000110 - 111110110?
10111101010000
In base 3, what is -121011 - 102121111?
-110012122
In base 5, what is 2 - 2102123420?
-2102123413
In base 14, what is 35bd4 + -2c1?
35913
In base 9, what is 347765180 + -4?
347765175
In base 4, what is -11 - -1220101323?
1220101312
In base 13, what is 2 + -92b5c5?
-92b5c3
In base 3, what is -2122122210200102 + -10?
-2122122210200112
In base 14, what is -5 + -607a712?
-607a717
In base 7, what is -112556443 + 4?
-112556436
In base 2, what is -1000100000100111 + -1000001?
-1000100001101000
In base 4, what is -3131 - -2123133331?
2123130200
In base 16, what is -5 + 88eafe7?
88eafe2
In base 14, what is 43978 + 3586?
47120
In base 15, what is -235c - -2e78?
b1b
In base 11, what is -4 - 3487175?
-3487179
In base 4, what is 201023 + -132131?
2232
In base 13, what is -15 + -106bbbc?
-106bc04
In base 9, what is 8003531 - -4?
8003535
In base 11, what is 2467 + 59a1?
8358
In base 11, what is -1498533 - -6?
-1498528
In base 8, what is -2 + 201160160?
201160156
In base 11, what is -3 - 568623?
-568626
In base 16, what is 14f078c - 0?
14f078c
In base 15, what is 1 + -9a51409?
-9a51408
In base 3, what is 212221112100010 - 1001?
212221112022002
In base 10, what is -18 - -45483296?
45483278
In base 16, what is -47 - -357484?
35743d
In base 6, what is -3305 - -502230?
454521
In base 2, what is 101 + 10001001011010100101111?
10001001011010100110100
In base 2, what is 1001101000101100101011 - -11?
1001101000101100101110
In base 4, what is 231131021 - -2201?
231133222
In base 7, what is 4201 + -530544?
-523343
In base 6, what is -1504151331 - 3?
-1504151334
In base 5, what is -332 + -34031002?
-34031334
In base 9, what is -6745436 - 3?
-6745440
In base 15, what is -3191 + 1019?
-2177
In base 11, what is -745a7 + -75?
-74671
In base 3, what is -1020002022 + -1?
-1020002100
In base 15, what is -18e415 + 1c?
-18e3e8
In base 10, what is -62735 + 64?
-62671
In base 11, what is 2062 - -33a9?
5460
In base 14, what is -3343 - -2ad5?
-64c
In base 10, what is -5923026 - 0?
-5923026
In base 12, what is 90914 + -63b?
90295
In base 5, what is 1430 + 4023014?
4024444
In base 7, what is 20 - 23615206?
-23615156
In base 11, what is -56 + -1aa37?
-1aa92
In base 7, what is -30302033412 - 5?
-30302033420
In base 10, what is 149096851 - -4?
149096855
In base 11, what is 16 + 665486?
6654a1
In base 7, what is -134355664 - -1?
-134355663
In base 11, what is 2927604 - -17?
2927620
In base 13, what is -314c3 - 39?
-3152c
In base 9, what is 1825844555 + -4?
1825844551
In base 13, what is 6c - 6a768?
-6a6c9
In base 12, what is -5 + -69040?
-69045
In base 7, what is 0 - 151311006?
-151311006
In base 8, what is -62441300 + -5?
-62441305
In base 6, what is 3 - 134525300?
-134525253
In base 9, what is 67 + -2757?
-2680
In base 14, what is -189 - -12b4?
1129
In base 3, what is 2 + 11221012222122?
11221012222201
In base 13, what is -33 - 4b654?
-4b687
In base 5, what is -1032 + 133402333?
133401301
In base 5, what is 22044341043 - -10?
22044341103
In base 4, what is 100313 - -3300?
110213
In base 7, what is 5 + 2112603504?
2112603512
In base 13, what is 11 - -621662?
621673
In base 2, what is -10000011 + 110011011111001110?
110011011101001011
In base 7, what is -4321 - 352?
-5003
In base 2, what is -10101 - 1110100011101011101111?
-1110100011101100000100
In base 14, what is -14b178 - a?
-14b184
In base 4, what is -13312 + 123001?
103023
In base 6, what is 353230155 + -4?
353230151
In base 16, what is -27c43 - 4a2?
-280e5
In base 3, what is 210202120121 - 11?
210202120110
In base 6, what is -5 + 3421322044?
3421322035
In base 16, what is -1ac95bb7 + 2?
-1ac95bb5
In base 2, what is -1011 + 10101010101110001111?
10101010101110000100
In base 8, what is 2354 + 12217?
14573
In base 3, what is 101211021000 - 112?
101211020111
In base 4, what is -2331221302 + 200?
-2331221102
In base 6, what is -3 - -503404123?
503404120
In base 4, what is -123303003131 + -12?
-123303003203
In base 12, what is -4a9 + 5b790?
5b2a3
In base 7, what is -31 + -6063255?
-6063316
In base 10, what is 16835472 + 6?
16835478
In base 13, what is 2 + -102bbc3?
-102bbc1
In base 16, wh